{"id":44,"date":"2014-01-10T18:40:53","date_gmt":"2014-01-10T18:40:53","guid":{"rendered":"http:\/\/emailmarketing-software.org\/?page_id=44"},"modified":"2021-12-11T08:01:17","modified_gmt":"2021-12-11T08:01:17","slug":"home","status":"publish","type":"page","link":"https:\/\/www.josebernalte.com\/email-marketing\/","title":{"rendered":"<!--HOME-->"},"content":{"rendered":"<ul class=\"wp-block-latest-posts__list is-grid columns-3 wp-block-latest-posts\"><li><a class=\"wp-block-latest-posts__post-title\" href=\"https:\/\/www.josebernalte.com\/email-marketing\/consejos-utiles-sobre-marketing-por-correo-electronico\/\">Consejos \u00fatiles sobre marketing por correo electr\u00f3nico<\/a><\/li>\n<li><a class=\"wp-block-latest-posts__post-title\" href=\"https:\/\/www.josebernalte.com\/email-marketing\/conoce-mejor-a-tus-cliente-con-el-email-marketing\/\">Conoce mejor a tus cliente con el Email Marketing<\/a><\/li>\n<li><a class=\"wp-block-latest-posts__post-title\" href=\"https:\/\/www.josebernalte.com\/email-marketing\/consigue-un-indice-de-apertura-en-email-marketing\/\">Consigue un \u00edndice de apertura en email marketing<\/a><\/li>\n<\/ul>","protected":false},"excerpt":{"rendered":"","protected":false},"author":1,"featured_media":0,"parent":0,"menu_order":0,"comment_status":"closed","ping_status":"open","template":"","meta":[],"yoast_head":"<!-- This site is optimized with the Yoast SEO plugin v20.5 - https:\/\/yoast.com\/wordpress\/plugins\/seo\/ -->\n<title>Email Marketing \u00b7 Campa\u00f1as de Env\u00edos de Correos Masivos y Emailing<\/title>\n<meta name=\"description\" content=\"Email Marketing \u00b7 Campa\u00f1as de Envio de Correos Masivos \u00b7 Estimular Ventas y Fidelizaci\u00f3n. Software Env\u00edos de correos Electr\u00f3nicos\" \/>\n<meta name=\"robots\" content=\"index, follow, max-snippet:-1, max-image-preview:large, max-video-preview:-1\" \/>\n<link rel=\"canonical\" href=\"https:\/\/www.josebernalte.com\/email-marketing\/\" \/>\n<meta property=\"og:locale\" content=\"es_ES\" \/>\n<meta property=\"og:type\" content=\"article\" \/>\n<meta property=\"og:title\" content=\"Email Marketing \u00b7 Campa\u00f1as de Env\u00edos de Correos Masivos y Emailing\" \/>\n<meta property=\"og:description\" content=\"Email Marketing \u00b7 Campa\u00f1as de Envio de Correos Masivos \u00b7 Estimular Ventas y Fidelizaci\u00f3n. Software Env\u00edos de correos Electr\u00f3nicos\" \/>\n<meta property=\"og:url\" content=\"https:\/\/www.josebernalte.com\/email-marketing\/\" \/>\n<meta property=\"og:site_name\" content=\"Email marketing\" \/>\n<meta property=\"article:modified_time\" content=\"2021-12-11T08:01:17+00:00\" \/>\n<meta name=\"twitter:card\" content=\"summary_large_image\" \/>\n<script type=\"application\/ld+json\" class=\"yoast-schema-graph\">{\"@context\":\"https:\/\/schema.org\",\"@graph\":[{\"@type\":\"WebPage\",\"@id\":\"https:\/\/www.josebernalte.com\/email-marketing\/\",\"url\":\"https:\/\/www.josebernalte.com\/email-marketing\/\",\"name\":\"Email Marketing \u00b7 Campa\u00f1as de Env\u00edos de Correos Masivos y Emailing\",\"isPartOf\":{\"@id\":\"https:\/\/www.josebernalte.com\/email-marketing\/#website\"},\"datePublished\":\"2014-01-10T18:40:53+00:00\",\"dateModified\":\"2021-12-11T08:01:17+00:00\",\"description\":\"Email Marketing \u00b7 Campa\u00f1as de Envio de Correos Masivos \u00b7 Estimular Ventas y Fidelizaci\u00f3n. Software Env\u00edos de correos Electr\u00f3nicos\",\"inLanguage\":\"es\",\"potentialAction\":[{\"@type\":\"ReadAction\",\"target\":[\"https:\/\/www.josebernalte.com\/email-marketing\/\"]}]},{\"@type\":\"WebSite\",\"@id\":\"https:\/\/www.josebernalte.com\/email-marketing\/#website\",\"url\":\"https:\/\/www.josebernalte.com\/email-marketing\/\",\"name\":\"Email marketing\",\"description\":\"Software y Secretos del env\u00edo de correos masivos\",\"potentialAction\":[{\"@type\":\"SearchAction\",\"target\":{\"@type\":\"EntryPoint\",\"urlTemplate\":\"https:\/\/www.josebernalte.com\/email-marketing\/?s={search_term_string}\"},\"query-input\":\"required name=search_term_string\"}],\"inLanguage\":\"es\"}]}<\/script>\n<!-- \/ Yoast SEO plugin. -->","yoast_head_json":{"title":"Email Marketing \u00b7 Campa\u00f1as de Env\u00edos de Correos Masivos y Emailing","description":"Email Marketing \u00b7 Campa\u00f1as de Envio de Correos Masivos \u00b7 Estimular Ventas y Fidelizaci\u00f3n. Software Env\u00edos de correos Electr\u00f3nicos","robots":{"index":"index","follow":"follow","max-snippet":"max-snippet:-1","max-image-preview":"max-image-preview:large","max-video-preview":"max-video-preview:-1"},"canonical":"https:\/\/www.josebernalte.com\/email-marketing\/","og_locale":"es_ES","og_type":"article","og_title":"Email Marketing \u00b7 Campa\u00f1as de Env\u00edos de Correos Masivos y Emailing","og_description":"Email Marketing \u00b7 Campa\u00f1as de Envio de Correos Masivos \u00b7 Estimular Ventas y Fidelizaci\u00f3n. Software Env\u00edos de correos Electr\u00f3nicos","og_url":"https:\/\/www.josebernalte.com\/email-marketing\/","og_site_name":"Email marketing","article_modified_time":"2021-12-11T08:01:17+00:00","twitter_card":"summary_large_image","schema":{"@context":"https:\/\/schema.org","@graph":[{"@type":"WebPage","@id":"https:\/\/www.josebernalte.com\/email-marketing\/","url":"https:\/\/www.josebernalte.com\/email-marketing\/","name":"Email Marketing \u00b7 Campa\u00f1as de Env\u00edos de Correos Masivos y Emailing","isPartOf":{"@id":"https:\/\/www.josebernalte.com\/email-marketing\/#website"},"datePublished":"2014-01-10T18:40:53+00:00","dateModified":"2021-12-11T08:01:17+00:00","description":"Email Marketing \u00b7 Campa\u00f1as de Envio de Correos Masivos \u00b7 Estimular Ventas y Fidelizaci\u00f3n. Software Env\u00edos de correos Electr\u00f3nicos","inLanguage":"es","potentialAction":[{"@type":"ReadAction","target":["https:\/\/www.josebernalte.com\/email-marketing\/"]}]},{"@type":"WebSite","@id":"https:\/\/www.josebernalte.com\/email-marketing\/#website","url":"https:\/\/www.josebernalte.com\/email-marketing\/","name":"Email marketing","description":"Software y Secretos del env\u00edo de correos masivos","potentialAction":[{"@type":"SearchAction","target":{"@type":"EntryPoint","urlTemplate":"https:\/\/www.josebernalte.com\/email-marketing\/?s={search_term_string}"},"query-input":"required name=search_term_string"}],"inLanguage":"es"}]}},"_links":{"self":[{"href":"https:\/\/www.josebernalte.com\/email-marketing\/wp-json\/wp\/v2\/pages\/44"}],"collection":[{"href":"https:\/\/www.josebernalte.com\/email-marketing\/wp-json\/wp\/v2\/pages"}],"about":[{"href":"https:\/\/www.josebernalte.com\/email-marketing\/wp-json\/wp\/v2\/types\/page"}],"author":[{"embeddable":true,"href":"https:\/\/www.josebernalte.com\/email-marketing\/wp-json\/wp\/v2\/users\/1"}],"replies":[{"embeddable":true,"href":"https:\/\/www.josebernalte.com\/email-marketing\/wp-json\/wp\/v2\/comments?post=44"}],"version-history":[{"count":5,"href":"https:\/\/www.josebernalte.com\/email-marketing\/wp-json\/wp\/v2\/pages\/44\/revisions"}],"predecessor-version":[{"id":278,"href":"https:\/\/www.josebernalte.com\/email-marketing\/wp-json\/wp\/v2\/pages\/44\/revisions\/278"}],"wp:attachment":[{"href":"https:\/\/www.josebernalte.com\/email-marketing\/wp-json\/wp\/v2\/media?parent=44"}],"curies":[{"name":"wp","href":"https:\/\/api.w.org\/{rel}","templated":true}]}}