{"id":115,"date":"2014-01-16T20:07:58","date_gmt":"2014-01-16T20:07:58","guid":{"rendered":"http:\/\/automatizartareas.com\/?page_id=7"},"modified":"2021-12-21T09:55:55","modified_gmt":"2021-12-21T09:55:55","slug":"ventajas-de-automatizar-tareas","status":"publish","type":"page","link":"https:\/\/www.josebernalte.com\/marketing-automatizado\/ventajas-de-automatizar-tareas\/","title":{"rendered":"Ventajas del marketing automatizado"},"content":{"rendered":"\n<h2>Conoce las ventajas del marketing automatizado y de la automatizaci\u00f3n de tareas en Internet<\/h2>\n\n\n\n<p><b><span style=\"text-decoration: underline\">Ahorro de tiempo:<\/span><\/b> Las redes sociales se han convertido en una buna arma de comunicaci\u00f3n para las empresas. Todos los usuarios est\u00e1n en este mundo digital y son susceptibles de recibir cualquier estimulo publicitario. Hay todo un mundo por descubrir dentro de estos nuevos soportes de comunicaci\u00f3n, por eso, hay que estar preparados. <\/p>\n\n\n\n<p>C\u00f3mo actualizar las redes sociales no es la \u00fanica tarea que debe llevar a cabo una empresa (obvio) existen aplicaciones que se encargan de automatizar estas tareas. Podr\u00e1s programar un mensaje de buenos d\u00edas o de buenas noches a tus seguidores, por ejemplo, que cada viernes a las 21:00 se publique un mensaje en el Twitter de mi empresa que diga: \u201cHoy ha sido un d\u00eda muy duro de trabajo, por suerte, es viernes \u00a1Buen fin de semana y nos vemos el lunes!\u201d. Tambi\u00e9n se puede aplicar este m\u00e9todo a otras redes sociales como Facebook\u2026 <\/p>\n\n\n\n<p>Recuerda que para conseguir una fidelizaci\u00f3n importante y firme debes alternar este proceso con tweets que de verdad escribas tu\u2026 respuestas, menciones\u2026 Si no se descubrir\u00e1 que es un robot, y esto provocar\u00e1 rechazo entre los seguidores.<\/p>\n\n\n\n<p><b><span style=\"text-decoration: underline\">Usuario activo:<\/span><\/b> Otra ventaja importante de automatizar&nbsp;las redes sociales es que te ayuda a mantener siempre tu cuenta activa. Esto es muy importante ya que twitter es una red social \u00a1muy muy pero que muy! actualizada, son mensajes instant\u00e1neos que se env\u00edan en segundos y desaparecen en minutos. Sino mantienes una actitud activa en estas redes sociales perder\u00e1s seguidores o ni siquiera empezaran a seguirte. Muchos usuarios entran en la cuenta de un usuario al que, en un principio, quieren seguir, y si ven que su ultimo tweet fue hace 3 d\u00edas, o que actualiza cuando se acuerda o cuando le apetece no te seguir\u00e1. Como ya he dicho antes, \u00e9sta funci\u00f3n te ayudar\u00e1 a estar siempre activo.<\/p>\n\n\n\n<p><b><span style=\"text-decoration: underline\">Interactuar:<\/span><\/b> Otra de las ventajas importantes que te ofrece la automatizaci\u00f3n de redes sociales es que puedes crear formulas de acci\u00f3n\/reacci\u00f3n. Puedes programar tus redes sociales de tal manera que unas se env\u00eden la publicaci\u00f3n a otras, es decir, yo puedo publicar una foto en Instagram y que autom\u00e1ticamente se publique en mi Fan Page de Facebook, o escribir una nueva entrada en mi blog y que autom\u00e1ticamente aparezca una entrada en mi Twitter anunciando el nuevo art\u00edculo y con un link a este, as\u00ed como en LinkedIn o en Facebook\u2026.<\/p>\n","protected":false},"excerpt":{"rendered":"<p>Conoce las ventajas del marketing automatizado y de la automatizaci\u00f3n de tareas en Internet Ahorro de tiempo: Las redes sociales se han convertido en una buna arma de comunicaci\u00f3n para las empresas. Todos los usuarios est\u00e1n en este mundo digital y son susceptibles de recibir cualquier estimulo publicitario. Hay todo un mundo por descubrir dentro [&hellip;]<\/p>\n","protected":false},"author":1,"featured_media":0,"parent":0,"menu_order":0,"comment_status":"closed","ping_status":"open","template":"","meta":[],"yoast_head":"<!-- This site is optimized with the Yoast SEO plugin v20.5 - https:\/\/yoast.com\/wordpress\/plugins\/seo\/ -->\n<title>Ventajas Marketing Automatizado y Automatizaci\u00f3n de Tareas en Internet<\/title>\n<meta name=\"description\" content=\"Tiendas Online, Redes sociales y otros pueden ser automatizados y ahorrar costes \u00a1Descubre las ventajas del Automatizar el Marketing!\" \/>\n<meta name=\"robots\" content=\"index, follow, max-snippet:-1, max-image-preview:large, max-video-preview:-1\" \/>\n<link rel=\"canonical\" href=\"https:\/\/www.josebernalte.com\/marketing-automatizado\/ventajas-de-automatizar-tareas\/\" \/>\n<meta property=\"og:locale\" content=\"es_ES\" \/>\n<meta property=\"og:type\" content=\"article\" \/>\n<meta property=\"og:title\" content=\"Ventajas Marketing Automatizado y Automatizaci\u00f3n de Tareas en Internet\" \/>\n<meta property=\"og:description\" content=\"Tiendas Online, Redes sociales y otros pueden ser automatizados y ahorrar costes \u00a1Descubre las ventajas del Automatizar el Marketing!\" \/>\n<meta property=\"og:url\" content=\"https:\/\/www.josebernalte.com\/marketing-automatizado\/ventajas-de-automatizar-tareas\/\" \/>\n<meta property=\"og:site_name\" content=\"Marketing Automatizado\" \/>\n<meta property=\"article:modified_time\" content=\"2021-12-21T09:55:55+00:00\" \/>\n<meta name=\"twitter:card\" content=\"summary_large_image\" \/>\n<meta name=\"twitter:label1\" content=\"Tiempo de lectura\" \/>\n\t<meta name=\"twitter:data1\" content=\"2 minutos\" \/>\n<script type=\"application\/ld+json\" class=\"yoast-schema-graph\">{\"@context\":\"https:\/\/schema.org\",\"@graph\":[{\"@type\":\"WebPage\",\"@id\":\"https:\/\/www.josebernalte.com\/marketing-automatizado\/ventajas-de-automatizar-tareas\/\",\"url\":\"https:\/\/www.josebernalte.com\/marketing-automatizado\/ventajas-de-automatizar-tareas\/\",\"name\":\"Ventajas Marketing Automatizado y Automatizaci\u00f3n de Tareas en Internet\",\"isPartOf\":{\"@id\":\"https:\/\/www.josebernalte.com\/marketing-automatizado\/#website\"},\"datePublished\":\"2014-01-16T20:07:58+00:00\",\"dateModified\":\"2021-12-21T09:55:55+00:00\",\"description\":\"Tiendas Online, Redes sociales y otros pueden ser automatizados y ahorrar costes \u00a1Descubre las ventajas del Automatizar el Marketing!\",\"breadcrumb\":{\"@id\":\"https:\/\/www.josebernalte.com\/marketing-automatizado\/ventajas-de-automatizar-tareas\/#breadcrumb\"},\"inLanguage\":\"es\",\"potentialAction\":[{\"@type\":\"ReadAction\",\"target\":[\"https:\/\/www.josebernalte.com\/marketing-automatizado\/ventajas-de-automatizar-tareas\/\"]}]},{\"@type\":\"BreadcrumbList\",\"@id\":\"https:\/\/www.josebernalte.com\/marketing-automatizado\/ventajas-de-automatizar-tareas\/#breadcrumb\",\"itemListElement\":[{\"@type\":\"ListItem\",\"position\":1,\"name\":\"Portada\",\"item\":\"https:\/\/www.josebernalte.com\/marketing-automatizado\/\"},{\"@type\":\"ListItem\",\"position\":2,\"name\":\"Ventajas del marketing automatizado\"}]},{\"@type\":\"WebSite\",\"@id\":\"https:\/\/www.josebernalte.com\/marketing-automatizado\/#website\",\"url\":\"https:\/\/www.josebernalte.com\/marketing-automatizado\/\",\"name\":\"Marketing Automatizado\",\"description\":\"Marketing online automatizado para Internet\",\"potentialAction\":[{\"@type\":\"SearchAction\",\"target\":{\"@type\":\"EntryPoint\",\"urlTemplate\":\"https:\/\/www.josebernalte.com\/marketing-automatizado\/?s={search_term_string}\"},\"query-input\":\"required name=search_term_string\"}],\"inLanguage\":\"es\"}]}<\/script>\n<!-- \/ Yoast SEO plugin. -->","yoast_head_json":{"title":"Ventajas Marketing Automatizado y Automatizaci\u00f3n de Tareas en Internet","description":"Tiendas Online, Redes sociales y otros pueden ser automatizados y ahorrar costes \u00a1Descubre las ventajas del Automatizar el Marketing!","robots":{"index":"index","follow":"follow","max-snippet":"max-snippet:-1","max-image-preview":"max-image-preview:large","max-video-preview":"max-video-preview:-1"},"canonical":"https:\/\/www.josebernalte.com\/marketing-automatizado\/ventajas-de-automatizar-tareas\/","og_locale":"es_ES","og_type":"article","og_title":"Ventajas Marketing Automatizado y Automatizaci\u00f3n de Tareas en Internet","og_description":"Tiendas Online, Redes sociales y otros pueden ser automatizados y ahorrar costes \u00a1Descubre las ventajas del Automatizar el Marketing!","og_url":"https:\/\/www.josebernalte.com\/marketing-automatizado\/ventajas-de-automatizar-tareas\/","og_site_name":"Marketing Automatizado","article_modified_time":"2021-12-21T09:55:55+00:00","twitter_card":"summary_large_image","twitter_misc":{"Tiempo de lectura":"2 minutos"},"schema":{"@context":"https:\/\/schema.org","@graph":[{"@type":"WebPage","@id":"https:\/\/www.josebernalte.com\/marketing-automatizado\/ventajas-de-automatizar-tareas\/","url":"https:\/\/www.josebernalte.com\/marketing-automatizado\/ventajas-de-automatizar-tareas\/","name":"Ventajas Marketing Automatizado y Automatizaci\u00f3n de Tareas en Internet","isPartOf":{"@id":"https:\/\/www.josebernalte.com\/marketing-automatizado\/#website"},"datePublished":"2014-01-16T20:07:58+00:00","dateModified":"2021-12-21T09:55:55+00:00","description":"Tiendas Online, Redes sociales y otros pueden ser automatizados y ahorrar costes \u00a1Descubre las ventajas del Automatizar el Marketing!","breadcrumb":{"@id":"https:\/\/www.josebernalte.com\/marketing-automatizado\/ventajas-de-automatizar-tareas\/#breadcrumb"},"inLanguage":"es","potentialAction":[{"@type":"ReadAction","target":["https:\/\/www.josebernalte.com\/marketing-automatizado\/ventajas-de-automatizar-tareas\/"]}]},{"@type":"BreadcrumbList","@id":"https:\/\/www.josebernalte.com\/marketing-automatizado\/ventajas-de-automatizar-tareas\/#breadcrumb","itemListElement":[{"@type":"ListItem","position":1,"name":"Portada","item":"https:\/\/www.josebernalte.com\/marketing-automatizado\/"},{"@type":"ListItem","position":2,"name":"Ventajas del marketing automatizado"}]},{"@type":"WebSite","@id":"https:\/\/www.josebernalte.com\/marketing-automatizado\/#website","url":"https:\/\/www.josebernalte.com\/marketing-automatizado\/","name":"Marketing Automatizado","description":"Marketing online automatizado para Internet","potentialAction":[{"@type":"SearchAction","target":{"@type":"EntryPoint","urlTemplate":"https:\/\/www.josebernalte.com\/marketing-automatizado\/?s={search_term_string}"},"query-input":"required name=search_term_string"}],"inLanguage":"es"}]}},"_links":{"self":[{"href":"https:\/\/www.josebernalte.com\/marketing-automatizado\/wp-json\/wp\/v2\/pages\/115"}],"collection":[{"href":"https:\/\/www.josebernalte.com\/marketing-automatizado\/wp-json\/wp\/v2\/pages"}],"about":[{"href":"https:\/\/www.josebernalte.com\/marketing-automatizado\/wp-json\/wp\/v2\/types\/page"}],"author":[{"embeddable":true,"href":"https:\/\/www.josebernalte.com\/marketing-automatizado\/wp-json\/wp\/v2\/users\/1"}],"replies":[{"embeddable":true,"href":"https:\/\/www.josebernalte.com\/marketing-automatizado\/wp-json\/wp\/v2\/comments?post=115"}],"version-history":[{"count":4,"href":"https:\/\/www.josebernalte.com\/marketing-automatizado\/wp-json\/wp\/v2\/pages\/115\/revisions"}],"predecessor-version":[{"id":218,"href":"https:\/\/www.josebernalte.com\/marketing-automatizado\/wp-json\/wp\/v2\/pages\/115\/revisions\/218"}],"wp:attachment":[{"href":"https:\/\/www.josebernalte.com\/marketing-automatizado\/wp-json\/wp\/v2\/media?parent=115"}],"curies":[{"name":"wp","href":"https:\/\/api.w.org\/{rel}","templated":true}]}}