{"id":8,"date":"2014-06-21T08:15:55","date_gmt":"2014-06-21T08:15:55","guid":{"rendered":"http:\/\/www.enviarsmsmasivos.com\/?page_id=5"},"modified":"2014-06-21T08:15:55","modified_gmt":"2014-06-21T08:15:55","slug":"que-son-los-sms-masivos","status":"publish","type":"page","link":"https:\/\/www.josebernalte.com\/sms-marketing\/que-son-los-sms-masivos\/","title":{"rendered":"\u00bfQu\u00e9 son los SMS masivos?"},"content":{"rendered":"<p>El env\u00edo de SMS masivos es una nueva modalidad de marketing que permite un mayor alcance a clientes simplemente con el env\u00edo de un mensaje dirigido a los tel\u00e9fonos celulares. Esos n\u00fameros telef\u00f3nicos son obtenidos y procesados en una lista, la que se construye por propia voluntad de las personas interesadas en la informaci\u00f3n concerniente a los productos o servicios ofrecidos por la compa\u00f1\u00eda.<\/p>\n<p>Son los usuarios quienes ceden sus datos con el fin de recibir notificaciones; caso contrario a lo que ocurre con el env\u00edo forzado de emails o SMS conocido vulgarmente como spam. La publicidad generada por el env\u00edo de SMS masivos puede brindarle a cualquier empresa, sin importar su estructura actual o dimensi\u00f3n real de la misma, una impresionante apertura hacia nuevos mercados y clientes que est\u00e1n en sinton\u00eda en relaci\u00f3n a los ofrecimientos realizados.<\/p>\n<p>Al ser un servicio verdaderamente r\u00e1pido, funcional y totalmente pensado para interactuar permanentemente con clientes y prospectos, el env\u00edo de SMS masivos no se centra solo en llegar a grandes cantidades de receptores. Una de las grandes virtudes radica en la practicidad e inmediatez de su creaci\u00f3n pertinentes modificaciones sobre la marcha que sean necesarias de ejecutar.<\/p>\n<p>Ahora bien, \u00bfqu\u00e9 es realmente el env\u00edo de SMS masivos? B\u00e1sicamente, se trata de la generaci\u00f3n de un mismo mensaje desde un ordenador u otros dispositivos aptos para realizar la tarea, el cual se propagar\u00e1 a miles de personas pr\u00e1cticamente al mismo tiempo. Es un impresionante impacto que la empresa genera de esta manera a un mercado \u00e1vido del producto o servicio que tiene para ofrecer. A mayor cantidad de prospectos alcanzados, obviamente mayor ser\u00e1 el n\u00famero de conversiones en ventas.<\/p>\n<p>El hecho de acercar con habitualidad ofertas y promociones especiales es una excelente forma de valorar la funci\u00f3n de los consumidores dentro del proceso de comercializaci\u00f3n de productos online. Ser\u00e1n \u00e9stos quienes indudablemente se sentir\u00e1n incluidos y favorecidos por la oportunidad de disfrutar de ventajas al momento de comprar y generar ahorros o beneficios extra para su econom\u00eda.<\/p>\n<p>De la misma forma, otras instituciones que no necesariamente est\u00e9n abocadas a la comercializaci\u00f3n de productos y el ofrecimiento de servicios rentados pueden sacar un incre\u00edble provecho a esta innovadora tecnolog\u00eda. En muchos casos de \u00e9xito comprobado, universidades, comunidades religiosas y todo tipo de organizaciones utilizan el env\u00edo de SMS masivo para una comunicaci\u00f3n directa y fluida con todos los integrantes de su grupo.<\/p>\n<p>Abaratando costos de manera alarmante con respecto a otros medios anticuados, el env\u00edo de SMS masivos es una tendencia en constante crecimiento, posicionando a la vanguardia a quienes deciden experimentar sus bondades dentro del correspondiente rubro; obteniendo una abismal diferencia operativa contra las posibles competencias.<\/p>\n","protected":false},"excerpt":{"rendered":"<p>El env\u00edo de SMS masivos es una nueva modalidad de marketing que permite un mayor alcance a clientes simplemente con el env\u00edo de un mensaje dirigido a los tel\u00e9fonos celulares. Esos n\u00fameros telef\u00f3nicos son obtenidos y procesados en una lista, la que se construye por propia voluntad de las personas interesadas en la informaci\u00f3n concerniente [&hellip;]<\/p>\n","protected":false},"author":1,"featured_media":0,"parent":0,"menu_order":0,"comment_status":"closed","ping_status":"open","template":"","meta":[],"yoast_head":"<!-- This site is optimized with the Yoast SEO plugin v20.5 - https:\/\/yoast.com\/wordpress\/plugins\/seo\/ -->\n<title>\u00bfQu\u00e9 son los SMS masivos? - SMS Marketing<\/title>\n<meta name=\"description\" content=\"Enviar sms masivos a los clientes est\u00e9n d\u00f3nde est\u00e9n es una ventaja del marketing m\u00f3vil.. Conoce que son los mensajes de texto masivos y qu\u00e9 ventajas tienen\" \/>\n<meta name=\"robots\" content=\"index, follow, max-snippet:-1, max-image-preview:large, max-video-preview:-1\" \/>\n<link rel=\"canonical\" href=\"https:\/\/www.josebernalte.com\/sms-marketing\/que-son-los-sms-masivos\/\" \/>\n<meta property=\"og:locale\" content=\"es_ES\" \/>\n<meta property=\"og:type\" content=\"article\" \/>\n<meta property=\"og:title\" content=\"\u00bfQu\u00e9 son los SMS masivos? - SMS Marketing\" \/>\n<meta property=\"og:description\" content=\"Enviar sms masivos a los clientes est\u00e9n d\u00f3nde est\u00e9n es una ventaja del marketing m\u00f3vil.. Conoce que son los mensajes de texto masivos y qu\u00e9 ventajas tienen\" \/>\n<meta property=\"og:url\" content=\"https:\/\/www.josebernalte.com\/sms-marketing\/que-son-los-sms-masivos\/\" \/>\n<meta property=\"og:site_name\" content=\"SMS Marketing\" \/>\n<meta name=\"twitter:card\" content=\"summary_large_image\" \/>\n<meta name=\"twitter:label1\" content=\"Tiempo de lectura\" \/>\n\t<meta name=\"twitter:data1\" content=\"2 minutos\" \/>\n<script type=\"application\/ld+json\" class=\"yoast-schema-graph\">{\"@context\":\"https:\/\/schema.org\",\"@graph\":[{\"@type\":\"WebPage\",\"@id\":\"https:\/\/www.josebernalte.com\/sms-marketing\/que-son-los-sms-masivos\/\",\"url\":\"https:\/\/www.josebernalte.com\/sms-marketing\/que-son-los-sms-masivos\/\",\"name\":\"\u00bfQu\u00e9 son los SMS masivos? - SMS Marketing\",\"isPartOf\":{\"@id\":\"https:\/\/www.josebernalte.com\/sms-marketing\/#website\"},\"datePublished\":\"2014-06-21T08:15:55+00:00\",\"dateModified\":\"2014-06-21T08:15:55+00:00\",\"description\":\"Enviar sms masivos a los clientes est\u00e9n d\u00f3nde est\u00e9n es una ventaja del marketing m\u00f3vil.. Conoce que son los mensajes de texto masivos y qu\u00e9 ventajas tienen\",\"breadcrumb\":{\"@id\":\"https:\/\/www.josebernalte.com\/sms-marketing\/que-son-los-sms-masivos\/#breadcrumb\"},\"inLanguage\":\"es\",\"potentialAction\":[{\"@type\":\"ReadAction\",\"target\":[\"https:\/\/www.josebernalte.com\/sms-marketing\/que-son-los-sms-masivos\/\"]}]},{\"@type\":\"BreadcrumbList\",\"@id\":\"https:\/\/www.josebernalte.com\/sms-marketing\/que-son-los-sms-masivos\/#breadcrumb\",\"itemListElement\":[{\"@type\":\"ListItem\",\"position\":1,\"name\":\"Portada\",\"item\":\"https:\/\/www.josebernalte.com\/sms-marketing\/\"},{\"@type\":\"ListItem\",\"position\":2,\"name\":\"\u00bfQu\u00e9 son los SMS masivos?\"}]},{\"@type\":\"WebSite\",\"@id\":\"https:\/\/www.josebernalte.com\/sms-marketing\/#website\",\"url\":\"https:\/\/www.josebernalte.com\/sms-marketing\/\",\"name\":\"SMS Marketing\",\"description\":\"Aumenta oportunidades de negocio al enviar sms masivo\",\"potentialAction\":[{\"@type\":\"SearchAction\",\"target\":{\"@type\":\"EntryPoint\",\"urlTemplate\":\"https:\/\/www.josebernalte.com\/sms-marketing\/?s={search_term_string}\"},\"query-input\":\"required name=search_term_string\"}],\"inLanguage\":\"es\"}]}<\/script>\n<!-- \/ Yoast SEO plugin. -->","yoast_head_json":{"title":"\u00bfQu\u00e9 son los SMS masivos? - SMS Marketing","description":"Enviar sms masivos a los clientes est\u00e9n d\u00f3nde est\u00e9n es una ventaja del marketing m\u00f3vil.. Conoce que son los mensajes de texto masivos y qu\u00e9 ventajas tienen","robots":{"index":"index","follow":"follow","max-snippet":"max-snippet:-1","max-image-preview":"max-image-preview:large","max-video-preview":"max-video-preview:-1"},"canonical":"https:\/\/www.josebernalte.com\/sms-marketing\/que-son-los-sms-masivos\/","og_locale":"es_ES","og_type":"article","og_title":"\u00bfQu\u00e9 son los SMS masivos? - SMS Marketing","og_description":"Enviar sms masivos a los clientes est\u00e9n d\u00f3nde est\u00e9n es una ventaja del marketing m\u00f3vil.. Conoce que son los mensajes de texto masivos y qu\u00e9 ventajas tienen","og_url":"https:\/\/www.josebernalte.com\/sms-marketing\/que-son-los-sms-masivos\/","og_site_name":"SMS Marketing","twitter_card":"summary_large_image","twitter_misc":{"Tiempo de lectura":"2 minutos"},"schema":{"@context":"https:\/\/schema.org","@graph":[{"@type":"WebPage","@id":"https:\/\/www.josebernalte.com\/sms-marketing\/que-son-los-sms-masivos\/","url":"https:\/\/www.josebernalte.com\/sms-marketing\/que-son-los-sms-masivos\/","name":"\u00bfQu\u00e9 son los SMS masivos? - SMS Marketing","isPartOf":{"@id":"https:\/\/www.josebernalte.com\/sms-marketing\/#website"},"datePublished":"2014-06-21T08:15:55+00:00","dateModified":"2014-06-21T08:15:55+00:00","description":"Enviar sms masivos a los clientes est\u00e9n d\u00f3nde est\u00e9n es una ventaja del marketing m\u00f3vil.. Conoce que son los mensajes de texto masivos y qu\u00e9 ventajas tienen","breadcrumb":{"@id":"https:\/\/www.josebernalte.com\/sms-marketing\/que-son-los-sms-masivos\/#breadcrumb"},"inLanguage":"es","potentialAction":[{"@type":"ReadAction","target":["https:\/\/www.josebernalte.com\/sms-marketing\/que-son-los-sms-masivos\/"]}]},{"@type":"BreadcrumbList","@id":"https:\/\/www.josebernalte.com\/sms-marketing\/que-son-los-sms-masivos\/#breadcrumb","itemListElement":[{"@type":"ListItem","position":1,"name":"Portada","item":"https:\/\/www.josebernalte.com\/sms-marketing\/"},{"@type":"ListItem","position":2,"name":"\u00bfQu\u00e9 son los SMS masivos?"}]},{"@type":"WebSite","@id":"https:\/\/www.josebernalte.com\/sms-marketing\/#website","url":"https:\/\/www.josebernalte.com\/sms-marketing\/","name":"SMS Marketing","description":"Aumenta oportunidades de negocio al enviar sms masivo","potentialAction":[{"@type":"SearchAction","target":{"@type":"EntryPoint","urlTemplate":"https:\/\/www.josebernalte.com\/sms-marketing\/?s={search_term_string}"},"query-input":"required name=search_term_string"}],"inLanguage":"es"}]}},"_links":{"self":[{"href":"https:\/\/www.josebernalte.com\/sms-marketing\/wp-json\/wp\/v2\/pages\/8"}],"collection":[{"href":"https:\/\/www.josebernalte.com\/sms-marketing\/wp-json\/wp\/v2\/pages"}],"about":[{"href":"https:\/\/www.josebernalte.com\/sms-marketing\/wp-json\/wp\/v2\/types\/page"}],"author":[{"embeddable":true,"href":"https:\/\/www.josebernalte.com\/sms-marketing\/wp-json\/wp\/v2\/users\/1"}],"replies":[{"embeddable":true,"href":"https:\/\/www.josebernalte.com\/sms-marketing\/wp-json\/wp\/v2\/comments?post=8"}],"version-history":[{"count":0,"href":"https:\/\/www.josebernalte.com\/sms-marketing\/wp-json\/wp\/v2\/pages\/8\/revisions"}],"wp:attachment":[{"href":"https:\/\/www.josebernalte.com\/sms-marketing\/wp-json\/wp\/v2\/media?parent=8"}],"curies":[{"name":"wp","href":"https:\/\/api.w.org\/{rel}","templated":true}]}}